28?
29
Calculate the highest common divisor of 32 and 54549856.
32
Calculate the highest common factor of 728721 and 5536827.
2421
What is the greatest common divisor of 13 and 39474773?
13
Calculate the highest common factor of 987 and 89151762.
987
What is the highest common factor of 18560 and 17720?
40
What is the highest common factor of 899 and 105565075?
899
What is the highest common divisor of 7152 and 3012?
12
Calculate the highest common divisor of 57118720 and 4672.
64
Calculate the greatest common factor of 60 and 1330638.
6
What is the highest common divisor of 532 and 83475?
7
What is the greatest common factor of 44454840 and 1367?
1367
Calculate the greatest common divisor of 150 and 178495275.
75
Calculate the greatest common factor of 11972 and 341202.
5986
What is the greatest common factor of 622 and 23563537?
311
Calculate the greatest common divisor of 14178996 and 3393.
117
Calculate the highest common divisor of 7407 and 79155.
9
Calculate the highest common divisor of 70 and 67221735.
35
What is the greatest common factor of 95 and 7380?
5
Calculate the highest common divisor of 208328860 and 26370.
2930
Calculate the greatest common divisor of 912956 and 13948.
44
What is the highest common factor of 3964 and 849287?
991
Calculate the highest common factor of 2204200 and 346680.
4280
Calculate the highest common factor of 980 and 516980.
20
What is the highest common factor of 188181 and 5750178?
609
What is the greatest common factor of 591 and 8679623?
197
Calculate the highest common divisor of 100891 and 4773139.
1421
Calculate the greatest common divisor of 1396617 and 2616.
327
What is the greatest common factor of 109 and 792764957?
109
Calculate the greatest common factor of 106 and 10675313.
53
Calculate the highest common factor of 771 and 17931.
3
What is the highest common factor of 771 and 25467415?
257
Calculate the highest common divisor of 208617854 and 18790.
3758
Calculate the highest common factor of 4320 and 435808.
32
What is the greatest common divisor of 6400 and 138300?
100
What is the highest common divisor of 4370 and 3357471?
437
Calculate the greatest common factor of 1558 and 98846531.
779
Calculate the greatest common factor of 1952 and 4667720.
488
What is the greatest common factor of 9501925 and 215?
215
Calculate the highest common divisor of 56 and 102850300.
28
What is the greatest common divisor of 115324 and 84964?
44
What is the greatest common divisor of 2341724 and 24640?
308
What is the greatest common factor of 5432 and 23996?
28
Calculate the highest common divisor of 107807 and 8757.
7
What is the highest common divisor of 4378 and 28123476?
398
Calculate the greatest common divisor of 5232 and 452039568.
5232
What is the greatest common factor of 75735 and 1915815?
2805
What is the highest common divisor of 18810 and 750465990?
1710
Calculate the greatest common factor of 7996825 and 344575.
4475
What is the highest common factor of 1173 and 1474995497?
391
Calculate the greatest common divisor of 546056629 and 6349.
907
Calculate the greatest common divisor of 2477909 and 6307.
371
What is the highest common factor of 853468 and 11968?
748
What is the highest common factor of 10356 and 1296?
12
What is the highest common divisor of 331372117 and 9235?
1847
Calculate the highest common divisor of 34661 and 10244586.
1507
Calculate the highest common factor of 56727 and 6456564.
5157
Calculate the highest common divisor of 75 and 513025.
25
What is the highest common divisor of 31934641 and 1153?
1153
Calculate the highest common factor of 449748 and 263250.
234
Calculate the highest common divisor of 74 and 282170288.
74
What is the greatest common factor of 13335766 and 434?
62
What is the greatest common divisor of 3744 and 710112?
1248
Calculate the highest common divisor of 3360 and 2858793.
21
Calculate the greatest common divisor of 32439 and 533863.
11
What is the greatest common divisor of 122174 and 847598?
254
What is the highest common factor of 606112 and 26040?
248
Calculate the highest common divisor of 14800 and 105537200.
400
Calculate the highest common divisor of 1738 and 27586834.
22
Calculate the highest common factor of 1501 and 1800331.
79
What is the highest common divisor of 133879549 and 2721?
907
What is the greatest common divisor of 27640 and 4240?
40
What is the greatest common factor of 50588261 and 699?
233
What is the greatest common factor of 7748 and 557?
1
Calculate the highest common factor of 2386250 and 736.
46
What is the greatest common factor of 136 and 12914917?
17
Calculate the highest common divisor of 16 and 15360568.
8
Calculate the highest common factor of 58573867 and 11.
11
Calculate the greatest common divisor of 674599 and 488.
61
What is the greatest common factor of 1632 and 22618398?
102
What is the greatest common divisor of 1533058 and 4514?
74
Calculate the highest common factor of 1053 and 1728837.
27
What is the highest common factor of 64297 and 365555?
113
Calculate the greatest common divisor of 164 and 7202224.
164
What is the greatest common factor of 1629654 and 5382?
78
Calculate the greatest common divisor of 496478 and 156122.
502
What is the greatest common divisor of 438555 and 7813026?
6747
What is the highest common divisor of 307134 and 4903974?
2034
Calculate the highest common divisor of 7074 and 13217114.
262
What is the greatest common divisor of 13057024 and 256?
256
Calculate the highest common divisor of 31406635 and 26.
13
What is the greatest common divisor of 896400 and 43740?
540
Calculate the greatest common factor of 1204157 and 49762.
139
Calculate the highest common divisor of 3009620 and 580.
580
What is the highest common divisor of 1710 and 389902230?
1710
Calculate the highest common factor of 3403785 and 4268940.
6315
Calculate the highest common divisor of 105 and 20832777.
21
What is the highest common factor of 74483536 and 8798?
166
Calculate the highest common factor of 186946620 and 82110.
3570
Calculate the highest common factor of 3463736 and 774.
86
What is the highest common divisor of 20087 and 46693?
53
What is the highest common divisor of 19042352 and 112?
112
What is the highest common factor of 2754 and 15460752?
102
What is the highest common factor of 35239072 and 3568?
16
What is the greatest common factor of 1209 and 11533457?
403
What is the highest common factor of 1241105 and 455?
5
Calculate the highest common factor of 196304 and 244.
4
Calculate the highest common divisor of 21992282 and 10582.
962
Calculate the highest common factor of 7284 and 159277407.
1821
Calculate the greatest common factor of 88 and 10726628.
44
Calculate the greatest common divisor of 1176 and 33691.
7
Calculate the greatest common factor of 76 and 403912906.
38
What is the greatest common factor of 196768 and 66860872?
4472
Calculate the highest common factor of 8829 and 1384845.
327
Calculate the highest common divisor of 5311113 and 339.
339
Calculate the highest common divisor of 38666627 and 106.
53
What is the highest common divisor of 23778 and 3438?
18
What is the greatest common factor of 3243887 and 1191?
397
What is the greatest common divisor of 1875 and 17500575?
75
Calculate the greatest common divisor of 35882797 and 531.
59
Calculate the highest common factor of 126 and 3120824.
14
What is the greatest common factor of 46344 and 772?
4
Calculate the highest common divisor of 224 and 1158432.
32
What is the highest common factor of 464766 and 463914?
426
Calculate the greatest common factor of 14944 and 94843030.
934
Calculate the highest common factor of 840529 and 37.
37
What is the greatest common divisor of 140795386 and 22376?
5594
What is the highest common divisor of 625418823 and 622?
311
Calculate the highest common divisor of 6834159 and 4995.
999
What is the greatest common factor of 69939708 and 552?
12
Calculate the greatest common divisor of 4467806 and 133.
7
Calculate the highest common factor of 79651483 and 787.
787
What is the greatest common factor of 105006 and 4581951?
1419
Calculate the greatest common factor of 70961 and 1463.
11
What is the highest common factor of 5260720 and 2280?
760
What is the greatest common divisor of 1700 and 3